ose h + 4 = z*q. List the prime factors of q.
2
Suppose 0 = x + 3*g + 15, -2*g - 53 = 5*x + 22. What are the prime factors of (-1)/((x/6)/5)?
2
Let f(s) = 2*s - 9 - 4*s - 6*s + s**2. List the prime factors of f(10).
11
Suppose -2*o = -4*b + 3*o - 7, -b = o - 5. Suppose 0 + 24 = b*t. List the prime factors of t.
2, 3
Let z be -2 + 7/2*2. Suppose -5*x - j + 240 = 0, z*j + 164 = 5*x - 106. List the prime factors of x.
7
Let j be (-6 - -6)*(-2)/(-4). List the prime factors of 1 + (j - 1) + 10.
2, 5
Let q(o) = 8*o + 1. Let r be q(-2). Let k be 52/(-8) - (-1)/2. List the prime factors of (-1)/(-2) + r/k.
3
Suppose -4 = -0*g - 2*g. Let k(q) = q**3 + 2*q - 3. What are the prime factors of k(g)?
3
Let t be (-6)/12 - 26/(-4). What are the prime factors of (-6)/(-18) - (-154)/t?
2, 13
Suppose 5*j - 203 = -2*j. List the prime factors of j.
29
Let c = 84 + -41. What are the prime factors of c?
43
Let x(p) = 6*p + 35. Let l(j) = -2*j - 12. Let w(b) = 17*l(b) + 6*x(b). Let i be w(-10). What are the prime factors of (-12)/42 + (-186)/i?
13
Let u(r) = 7*r**3 + 3*r**2 - 1 - r**2 + 0*r**2 + 3*r**3. What are the prime factors of u(1)?
11
Let a(r) = -r**3 - 5*r**2 + 4*r - 6. Let w be a(-6). What are the prime factors of -6*w*9/(-6)?
2, 3
Suppose -2*j = j - 12. Suppose 2*n = 2*k + j, -k - 10 = -5*n + 12. What are the prime factors of (-68)/(-6) + k/(-9)?
11
Suppose k = 4*b - 3, 0 = b - 0*k + 3*k - 17. Let d be 6*-1 + b + -4. What are the prime factors of 1/((d/(-42))/4)?
3, 7
Let p = 7 - 5. Suppose -40 = -3*s - 4*d, -7*s + p*s = 2*d - 48. Suppose -u = 3*u - s. List the prime factors of u.
2
Suppose 2*k - 32 = 100. Suppose -5*y + k = -2*y. List the prime factors of y.
2, 11
Let a(k) = k**2 - 5*k - 1. Let x be a(6). Suppose -5*l = 5*g - 65, g - 5*g = x*l - 69. Suppose 2*b = 23 + l. List the prime factors of b.
2, 5
Suppose 30*a - 740 = 26*a. List the prime factors of a.
5, 37
Let k be (-1)/(-2)*(9 - 5). Suppose 2*o - 3*g - 58 = 11, -66 = -k*o + 2*g. What are the prime factors of o?
2, 3, 5
Let a = -8 + 2. Suppose -5*y = -2*h - 14, 5 = 5*y - 3*h - 2*h. List the prime factors of ((-27)/a)/(3/y).
2, 3
Let x(r) = 5*r**2 + r. Let w be x(-1). Let i be (-2 - -3) + w + -2. Suppose -i - 42 = -5*d. List the prime factors of d.
3
Let k = 28 - 20. Let z = 20 - k. What are the prime factors of z?
2, 3
Let g = -78 - -114. Suppose b - 16 = 5*p, 12 = 3*b + 4*p - g. List the prime factors of b.
2
Let t(j) = j**3 - 8*j**2 + 9*j - 16. What are the prime factors of t(8)?
2, 7
Let d be (1 - 10) + (2 - 1). Let x = d - 1. Let b = 0 - x. List the prime factors of b.
3
Suppose -3*j = -h - 12 + 5, -3*j = 3*h - 3. Suppose 0 = j*l + k + 21 - 78, 4*k = -4. What are the prime factors of l?
29
Let m(b) = -b**3 + 12*b**2 - 11*b + 6. Let u be m(11). What are the prime factors of u*((-3)/(-2) + 1)?
3, 5
Let v = -42 - -13. Let i = v + 40. What are the prime factors of i?
11
Let a = 54 - -14. What are the prime factors of a?
2, 17
Let j be (176/(-12) - -2)*-6. Let g = j - 46. What are the prime factors of g?
2, 3, 5
Let k(y) = -3*y - 9. Let f be k(-4). Suppose -f*u - 3*m = -2*u - 29, -4*u = 5*m - 109. What are the prime factors of u?
2, 13
Let c = 236 - 162. List the prime factors of c.
2, 37
Suppose 117 = 6*g + 27. List the prime factors of g.
3, 5
Let y(d) = 5*d**2 - 3*d - 4. Let s(f) = 16*f**2 - 8*f - 11. Let x(m) = 3*s(m) - 8*y(m). List the prime factors of x(-1).
7
Let y be (-1 - -3) + (-2 - -3). Suppose 4*q - 77 = 3*g, -g + 0*g + 48 = y*q. List the prime factors of q.
17
Suppose -56 - 20 = -4*f. What are the prime factors of f?
19
Let o = 7 + -4. Let j = 1 + o. Suppose -j*z + 3 = -29. List the prime factors of z.
2
Suppose y - 2 + 1 = 0. What are the prime factors of (y/2)/(1/4)?
2
What are the prime factors of 126/(-15)*10/(-4)?
3, 7
Suppose -2*y = -4*c + 8, y - 3*y - 12 = -5*c. Suppose -3*v + 21 = 3*o, 0 = 7*v - 6*v + c*o - 16. List the prime factors of v.
2
Suppose -5*f + 170 = -3*q - 64, -f + 4*q = -57. What are the prime factors of f?
3, 5
Suppose 0 = 5*z - 20, z - 1 + 6 = 3*u. Let q be u/(-3*1) - 2. List the prime factors of 13 + (-1 - -4)/q.
2, 3
Suppose 6 = -q + 2*k, 0 = -5*q - 8*k + 3*k + 15. Suppose q = 3*w - 0*w. Suppose -6*g + 3*g + 21 = w. What are the prime factors of g?
7
Let v(u) = -u + 2. Let s be v(0). Suppose -4 - s = -2*y. Suppose -2*j = -3*f - 6*j + 24, -j - y = 0. What are the prime factors of f?
2, 3
Suppose -2*w = -w + 1, 5*i = -2*w + 8. Suppose 41 = -4*d - 5*h, h = 4*d + i*h + 53. What are the prime factors of (d/(-6))/(1/3)?
7
Suppose -o - 24 = -2*c - 2*c, 63 = -4*o + 5*c. Let g = -7 - o. Suppose g*f = 2*f + 27. What are the prime factors of f?
3
Let d be -2*2/6*-3. Let o(u) = u**2 - 18*u + 17. Let f be o(17). Let v = d + f. List the prime factors of v.
2
Suppose 96*o = 98*o - 114. List the prime factors of o.
3, 19
Let m be (-23 - (3 - 0))/(-2). Suppose -2*l = -m - 29. List the prime factors of l.
3, 7
Suppose 0*w = -3*w + 4*x + 301, -3*x = 3*w - 273. List the prime factors of w.
5, 19
Let o = 140 + 41. What are the prime factors of o?
181
Let i(a) = -4*a - 1. Let h be i(-6). Let r = h - 12. What are the prime factors of r?
11
Suppose 18*g + 1096 = 4534. What are the prime factors of g?
191
Let j(h) = h**3 + 9*h**2 + 9*h + 10. Let m be j(-8). Suppose 0 - 2 = l - v, 0 = m*l - 4*v. List the prime factors of (3 - l/(-1))*-21.
3, 7
Let r = 142 + -60. List the prime factors of r.
2, 41
Suppose 0 = 6*y - 5*y - 4. Let w be (-2)/8 + (-543)/(-12). Suppose -y*j + w = j - 3*l, l = 5*j - 35. List the prime factors of j.
2, 3
Suppose -n + 4 = n. What are the prime factors of (3 - 0) + 1 + n?
2, 3
What are the prime factors of 1/(-3) - 62/(-6)?
2, 5
Suppose 0 = 4*t - 26 - 38. Let i = t + -10. List the prime factors of i.
2, 3
Let o(a) = a**2 + 12*a - 2. Let c be o(-13). Suppose c*u - 8*u = 24. List the prime factors of u.
2
Let s(p) = -38*p**3 - p**2. List the prime factors of s(-1).
37
Let k(x) = 3*x**3 + 22*x**2 + 19*x + 16. Let l(p) = 2*p**3 + 15*p**2 + 13*p + 11. Let z = 0 - -5. Let j(o) = z*k(o) - 7*l(o). List the prime factors of j(-3).
3
Let t = 3 - 5. Suppose -2*f - 27 = f. Let r = t - f. List the prime factors of r.
7
Suppose v - 6*v - 20 = 0. Let b = -3 - v. What are the prime factors of (3/9)/(b/42)?
2, 7
Suppose -2*m = -6 - 180. What are the prime factors of m?
3, 31
Let z be 20/(-6)*(-189)/15. What are the prime factors of z + (2 - (-3 - -8))?
3, 13
Let r = -16 - -9. Let l(u) = -22*u**2 - 4. Let h(x) = -7*x**2 - 1. Let n(q) = r*h(q) + 2*l(q). What are the prime factors of n(-1)?
2
Let t(k) = -2*k - 9. Let d be t(-9). Let i = 9 + d. What are the prime factors of i?
2, 3
Let m = -2 + 5. Let k be (50/(-8))/(1/(-4)). Suppose 0 = -m*d + 11 + k. List the prime factors of d.
2, 3
Let a = 54 - 27. Let g = a - 9. List the prime factors of g.
2, 3
Let s(c) = -14*c + 27. What are the prime factors of s(-7)?
5
Suppose -151 = -5*h - 2*p - 2*p, -2*h = -2*p - 64. Let v be (-10)/25 - (-204)/10. Let b = h - v. List the prime factors of b.
11
What are the prime factors of ((-4)/(-1)*16)/(6/12)?
2
Suppose -3*r + 15 = -93. What are the prime factors of r?
2, 3
Suppose 6*i = 4*i + 2. Let z = i + -1. Suppose -x + 6 = -z*x. List the prime factors of x.
2, 3
Let f(q) = -q**2 + 6*q - 7. Let h be f(5). Let s = 1 + h. What are the prime factors of (s - 7/2)*-4?
2, 3
Suppose -5*c + 141 = w, 5*c - 2*w - 2*w - 161 = 0. List the prime factors of c.
29
Let k = -9 - -11. Suppose 3*n + 11 - 76 = t, 0 = -k*n - 2*t + 30. What are the prime factors of n?
2, 5
Let m = 19 + 15. List the prime factors of m.
2, 17
Suppose -l = -10 - 8. What are the prime factors of l?
2, 3
Suppose 0 = -4*q + 4*i + 29 + 67, 4*q = 5*i + 91. What are the prime factors of q?
29
Suppose -w - w = -10. Let v = 5 - w. Suppose -5*a = 5, 0 = 2*x - v*x - a - 17. What are the prime factors of x?
2
Suppose -5*m - h + 38 = 0, 2*h = 5*m - 2*h - 48. Let q = 12 - m. What are the prime factors of q?
2
Let m = 48 + 41. What are the prime factors of m?
89
Let n(c) = -4*c. Let k be n(4). List the prime factors of k/10*(-2 + -3).
2
Let r(w) = w**2 - 2*w. Let k be (16/6)/((-2)/(-3)). What are the prime factors of r(k)?
2
Suppose 4*a + 8 = -2*y, -2*a - 6 = 5*y - 18. Let i(o) = 1 + 5*o**2 - y*o**2 - o**2 - 2*o + 3*o**2. List the prime factors of i